[INFO] cloning repository https://github.com/huonw/photo-map
[INFO] running `Command { std: "git" "-c" "credential.helper=" "-c" "credential.helper=/workspace/cargo-home/bin/git-credential-null" "clone" "--bare" "https://github.com/huonw/photo-map" "/workspace/cache/git-repos/https%3A%2F%2Fgithub.com%2Fhuonw%2Fphoto-map", kill_on_drop: false }`
[INFO] [stderr] Cloning into bare repository '/workspace/cache/git-repos/https%3A%2F%2Fgithub.com%2Fhuonw%2Fphoto-map'...
[INFO] running `Command { std: "git" "rev-parse" "HEAD", kill_on_drop: false }`
[INFO] [stdout] 54264213b11556564fa29ad5d9f59327b0388dc4
[INFO] building huonw/photo-map against master#ff34b919075f35a1787659e9c448a34b06bab8de for issue-85264
[INFO] running `Command { std: "git" "clone" "/workspace/cache/git-repos/https%3A%2F%2Fgithub.com%2Fhuonw%2Fphoto-map" "/workspace/builds/worker-8/source", kill_on_drop: false }`
[INFO] [stderr] Cloning into '/workspace/builds/worker-8/source'...
[INFO] [stderr] done.
[INFO] validating manifest of git repo https://github.com/huonw/photo-map on toolchain ff34b919075f35a1787659e9c448a34b06bab8de
[INFO] running `Command { std: "/workspace/cargo-home/bin/cargo" "+ff34b919075f35a1787659e9c448a34b06bab8de" "metadata" "--manifest-path" "Cargo.toml" "--no-deps", kill_on_drop: false }`
[INFO] started tweaking git repo https://github.com/huonw/photo-map
[INFO] finished tweaking git repo https://github.com/huonw/photo-map
[INFO] tweaked toml for git repo https://github.com/huonw/photo-map written to /workspace/builds/worker-8/source/Cargo.toml
[INFO] crate git repo https://github.com/huonw/photo-map already has a lockfile, it will not be regenerated
[INFO] running `Command { std: "/workspace/cargo-home/bin/cargo" "+ff34b919075f35a1787659e9c448a34b06bab8de" "fetch" "--manifest-path" "Cargo.toml", kill_on_drop: false }`
[INFO] [stderr]     Blocking waiting for file lock on package cache
[INFO] [stderr]  Downloading crates ...
[INFO] [stderr]   Downloaded unicase v0.1.0
[INFO] [stderr]   Downloaded enum_primitive v0.0.1
[INFO] [stderr]   Downloaded cogset v0.1.0
[INFO] [stderr]   Downloaded nickel_macros v0.1.0
[INFO] [stderr]   Downloaded num v0.1.24
[INFO] [stderr]   Downloaded gexiv2-sys v0.2.0
[INFO] [stderr]   Downloaded rexiv2 v0.2.2
[INFO] [stderr]   Downloaded error v0.1.7
[INFO] [stderr]   Downloaded mime v0.0.10
[INFO] [stderr]   Downloaded flate2 v0.2.7
[INFO] [stderr]   Downloaded rusqlite v0.0.17
[INFO] [stderr]   Downloaded miniz-sys v0.1.4
[INFO] [stderr]   Downloaded libsqlite3-sys v0.0.13
[INFO] [stderr]   Downloaded rustc-serialize v0.3.13
[INFO] [stderr]   Downloaded simple_parallel v0.1.3
[INFO] [stderr]   Downloaded typemap v0.3.0
[INFO] [stderr]   Downloaded num_cpus v0.1.0
[INFO] [stderr]   Downloaded rand v0.3.8
[INFO] [stderr]   Downloaded env_logger v0.3.0
[INFO] [stderr]   Downloaded pnacl-build-helper v1.4.0
[INFO] [stderr]   Downloaded cookie v0.1.19
[INFO] [stderr]   Downloaded mustache v0.5.0
[INFO] [stderr]   Downloaded gcc v0.3.4
[INFO] [stderr]   Downloaded typeable v0.1.1
[INFO] [stderr]   Downloaded lazy_static v0.1.10
[INFO] [stderr]   Downloaded nickel v0.2.1
[INFO] [stderr]   Downloaded openssl v0.6.1
[INFO] [stderr]   Downloaded num_cpus v0.2.3
[INFO] [stderr]   Downloaded iron v0.1.16
[INFO] [stderr]   Downloaded image v0.3.8
[INFO] [stderr]   Downloaded httparse v0.1.1
[INFO] [stderr]   Downloaded time v0.1.25
[INFO] [stderr]   Downloaded pkg-config v0.3.3
[INFO] [stderr]   Downloaded router v0.0.10
[INFO] [stderr]   Downloaded openssl-sys v0.6.1
[INFO] [stderr]   Downloaded chrono v0.2.12
[INFO] [stderr]   Downloaded byteorder v0.3.9
[INFO] [stderr]   Downloaded hyper v0.3.14
[INFO] [stderr]   Downloaded regex v0.1.30
[INFO] [stderr]   Downloaded libressl-pnacl-sys v2.1.5
[INFO] [stderr]   Downloaded url v0.2.31
[INFO] running `Command { std: "docker" "create" "-v" "/var/lib/crater-agent-workspace/builds/worker-8/target:/opt/rustwide/target:rw,Z" "-v" "/var/lib/crater-agent-workspace/builds/worker-8/source:/opt/rustwide/workdir:ro,Z" "-v" "/var/lib/crater-agent-workspace/cargo-home:/opt/rustwide/cargo-home:ro,Z" "-v" "/var/lib/crater-agent-workspace/rustup-home:/opt/rustwide/rustup-home:ro,Z" "-e" "SOURCE_DIR=/opt/rustwide/workdir" "-e" "CARGO_TARGET_DIR=/opt/rustwide/target" "-e" "CARGO_HOME=/opt/rustwide/cargo-home" "-e" "RUSTUP_HOME=/opt/rustwide/rustup-home" "-w" "/opt/rustwide/workdir" "-m" "1610612736" "--user" "0:0" "--network" "none" "ghcr.io/rust-lang/crates-build-env/linux@sha256:20528e8c29e4536546f0102ce88568b16ea7538393a33fcca951030f7af10457" "/opt/rustwide/cargo-home/bin/cargo" "+ff34b919075f35a1787659e9c448a34b06bab8de" "metadata" "--no-deps" "--format-version=1", kill_on_drop: false }`
[INFO] [stdout] 0f7e68b56b4b18418185efeee5ef569319d3d95aeea1bd3a1892f27702732d4b
[INFO] [stderr] WARNING: Your kernel does not support swap limit capabilities or the cgroup is not mounted. Memory limited without swap.
[INFO] running `Command { std: "docker" "start" "-a" "0f7e68b56b4b18418185efeee5ef569319d3d95aeea1bd3a1892f27702732d4b", kill_on_drop: false }`
[INFO] running `Command { std: "docker" "inspect" "0f7e68b56b4b18418185efeee5ef569319d3d95aeea1bd3a1892f27702732d4b", kill_on_drop: false }`
[INFO] running `Command { std: "docker" "rm" "-f" "0f7e68b56b4b18418185efeee5ef569319d3d95aeea1bd3a1892f27702732d4b", kill_on_drop: false }`
[INFO] [stdout] 0f7e68b56b4b18418185efeee5ef569319d3d95aeea1bd3a1892f27702732d4b
[INFO] running `Command { std: "docker" "create" "-v" "/var/lib/crater-agent-workspace/builds/worker-8/target:/opt/rustwide/target:rw,Z" "-v" "/var/lib/crater-agent-workspace/builds/worker-8/source:/opt/rustwide/workdir:ro,Z" "-v" "/var/lib/crater-agent-workspace/cargo-home:/opt/rustwide/cargo-home:ro,Z" "-v" "/var/lib/crater-agent-workspace/rustup-home:/opt/rustwide/rustup-home:ro,Z" "-e" "SOURCE_DIR=/opt/rustwide/workdir" "-e" "CARGO_TARGET_DIR=/opt/rustwide/target" "-e" "CARGO_INCREMENTAL=0" "-e" "RUST_BACKTRACE=full" "-e" "RUSTFLAGS=--cap-lints=forbid" "-e" "CARGO_HOME=/opt/rustwide/cargo-home" "-e" "RUSTUP_HOME=/opt/rustwide/rustup-home" "-w" "/opt/rustwide/workdir" "-m" "1610612736" "--user" "0:0" "--network" "none" "ghcr.io/rust-lang/crates-build-env/linux@sha256:20528e8c29e4536546f0102ce88568b16ea7538393a33fcca951030f7af10457" "/opt/rustwide/cargo-home/bin/cargo" "+ff34b919075f35a1787659e9c448a34b06bab8de" "build" "--frozen" "--message-format=json", kill_on_drop: false }`
[INFO] [stderr] WARNING: Your kernel does not support swap limit capabilities or the cgroup is not mounted. Memory limited without swap.
[INFO] [stdout] d1e238bd262aaa4104af8a9abb773552d2a67ff5b7577195f0c43d652ec13079
[INFO] running `Command { std: "docker" "start" "-a" "d1e238bd262aaa4104af8a9abb773552d2a67ff5b7577195f0c43d652ec13079", kill_on_drop: false }`
[INFO] [stderr]    Compiling libc v0.1.6
[INFO] [stderr]    Compiling gcc v0.3.4
[INFO] [stderr]    Compiling pkg-config v0.3.3
[INFO] [stderr]    Compiling rustc-serialize v0.3.13
[INFO] [stderr]    Compiling bitflags v0.1.1
[INFO] [stderr]    Compiling lazy_static v0.1.10
[INFO] [stderr]    Compiling typeable v0.1.1
[INFO] [stderr]    Compiling unicase v0.1.0
[INFO] [stderr]    Compiling httparse v0.1.1
[INFO] [stderr]    Compiling rusqlite v0.0.17
[INFO] [stderr]    Compiling regex v0.1.30
[INFO] [stderr]    Compiling byteorder v0.3.9
[INFO] [stderr]    Compiling route-recognizer v0.1.11
[INFO] [stderr]    Compiling cogset v0.1.0
[INFO] [stderr]    Compiling simple_parallel v0.1.3
[INFO] [stderr]    Compiling nickel_macros v0.1.0
[INFO] [stderr]    Compiling unsafe-any v0.4.1
[INFO] [stdout] error[E0432]: unresolved import `std::thread::JoinGuard`
[INFO] [stdout]  --> /opt/rustwide/cargo-home/registry/src/github.com-1ecc6299db9ec823/simple_parallel-0.1.3/src/maps.rs:2:24
[INFO] [stdout]   |
[INFO] [stdout] 2 | use std::thread::{self,JoinGuard};
[INFO] [stdout]   |                        ^^^^^^^^^ no `JoinGuard` in `thread`
[INFO] [stdout] 
[INFO] [stdout] 
[INFO] [stdout] error[E0432]: unresolved import `std::boxed::FnBox`
[INFO] [stdout]  --> /opt/rustwide/cargo-home/registry/src/github.com-1ecc6299db9ec823/simple_parallel-0.1.3/src/pool.rs:6:5
[INFO] [stdout]   |
[INFO] [stdout] 6 | use std::boxed::FnBox;
[INFO] [stdout]   |     ^^^^^^^^^^^^^^^^^ no `FnBox` in `boxed`
[INFO] [stdout] 
[INFO] [stdout] 
[INFO] [stdout] error[E0425]: cannot find function `scoped` in module `thread`
[INFO] [stdout]   --> /opt/rustwide/cargo-home/registry/src/github.com-1ecc6299db9ec823/simple_parallel-0.1.3/src/maps.rs:76:17
[INFO] [stdout]    |
[INFO] [stdout] 76 |         thread::scoped(move || {
[INFO] [stdout]    |                 ^^^^^^ not found in `thread`
[INFO] [stdout] 
[INFO] [stdout] 
[INFO] [stdout] error[E0463]: can't find crate for `pkg_config`
[INFO] [stdout]  --> /opt/rustwide/cargo-home/registry/src/github.com-1ecc6299db9ec823/rusqlite-0.0.17/build.rs:1:1
[INFO] [stdout]   |
[INFO] [stdout] 1 | extern crate pkg_config;
[INFO] [stdout]   | ^^^^^^^^^^^^^^^^^^^^^^^^ can't find crate
[INFO] [stdout] 
[INFO] [stdout] 
[INFO] [stdout] error[E0425]: cannot find function `scoped` in module `thread`
[INFO] [stdout]    --> /opt/rustwide/cargo-home/registry/src/github.com-1ecc6299db9ec823/simple_parallel-0.1.3/src/pool.rs:161:38
[INFO] [stdout]     |
[INFO] [stdout] 161 |                 _guards.push(thread::scoped(move || {
[INFO] [stdout]     |                                      ^^^^^^ not found in `thread`
[INFO] [stdout] 
[INFO] [stdout] 
[INFO] [stdout] error[E0425]: cannot find function `scoped` in module `thread`
[INFO] [stdout]    --> /opt/rustwide/cargo-home/registry/src/github.com-1ecc6299db9ec823/simple_parallel-0.1.3/src/lib.rs:215:17
[INFO] [stdout]     |
[INFO] [stdout] 215 |         thread::scoped(move || {
[INFO] [stdout]     |                 ^^^^^^ not found in `thread`
[INFO] [stdout] 
[INFO] [stdout] 
[INFO] [stdout] error[E0425]: cannot find function `scoped` in module `thread`
[INFO] [stdout]    --> /opt/rustwide/cargo-home/registry/src/github.com-1ecc6299db9ec823/simple_parallel-0.1.3/src/lib.rs:232:25
[INFO] [stdout]     |
[INFO] [stdout] 232 |     let guard = thread::scoped(move || f(y));
[INFO] [stdout]     |                         ^^^^^^ not found in `thread`
[INFO] [stdout] 
[INFO] [stdout] 
[INFO] [stdout] error: aborting due to previous error
[INFO] [stdout] 
[INFO] [stdout] 
[INFO] [stdout] For more information about this error, try `rustc --explain E0463`.
[INFO] [stdout] 
[INFO] [stderr] error: could not compile `rusqlite`
[INFO] [stderr] 
[INFO] [stderr] To learn more, run the command again with --verbose.
[INFO] [stderr] warning: build failed, waiting for other jobs to finish...
[INFO] [stdout] error: aborting due to 6 previous errors
[INFO] [stdout] 
[INFO] [stdout] 
[INFO] [stdout] Some errors have detailed explanations: E0425, E0432.
[INFO] [stdout] 
[INFO] [stdout] For more information about an error, try `rustc --explain E0425`.
[INFO] [stdout] 
[INFO] [stdout] error[E0642]: patterns aren't allowed in functions without bodies
[INFO] [stdout]    --> /opt/rustwide/cargo-home/registry/src/github.com-1ecc6299db9ec823/rustc-serialize-0.3.13/src/serialize.rs:144:45
[INFO] [stdout]     |
[INFO] [stdout] 144 | ...                   &f_name: &str,
[INFO] [stdout]     |                       ^^^^^^^ pattern not allowed in function without body
[INFO] [stdout] 
[INFO] [stdout] 
[INFO] [stdout] error[E0277]: the size for values of type `Self` cannot be known at compilation time
[INFO] [stdout]    --> /opt/rustwide/cargo-home/registry/src/github.com-1ecc6299db9ec823/rustc-serialize-0.3.13/src/serialize.rs:200:41
[INFO] [stdout]     |
[INFO] [stdout] 200 |     fn decode<D: Decoder>(d: &mut D) -> Result<Self, D::Error>;
[INFO] [stdout]     |                                         ^^^^^^^^^^^^^^^^^^^^^^ doesn't have a size known at compile-time
[INFO] [stdout]     |
[INFO] [stdout] help: consider further restricting `Self`
[INFO] [stdout]     |
[INFO] [stdout] 200 |     fn decode<D: Decoder>(d: &mut D) -> Result<Self, D::Error> where Self: Sized;
[INFO] [stdout]     |                                                                ^^^^^^^^^^^^^^^^^
[INFO] [stdout] 
[INFO] [stdout] 
[INFO] [stdout] error: aborting due to 2 previous errors
[INFO] [stdout] 
[INFO] [stdout] 
[INFO] [stdout] Some errors have detailed explanations: E0277, E0642.
[INFO] [stdout] 
[INFO] [stdout] For more information about an error, try `rustc --explain E0277`.
[INFO] [stdout] 
[INFO] [stderr] error: build failed
[INFO] running `Command { std: "docker" "inspect" "d1e238bd262aaa4104af8a9abb773552d2a67ff5b7577195f0c43d652ec13079", kill_on_drop: false }`
[INFO] running `Command { std: "docker" "rm" "-f" "d1e238bd262aaa4104af8a9abb773552d2a67ff5b7577195f0c43d652ec13079", kill_on_drop: false }`
[INFO] [stdout] d1e238bd262aaa4104af8a9abb773552d2a67ff5b7577195f0c43d652ec13079
